[INFO] fetching crate alt-failure 0.1.5...
[INFO] checking alt-failure-0.1.5 against master#af3c6e733a40e671550e0f0f5aeecaa13772ba56 for pr-74989
[INFO] extracting crate alt-failure 0.1.5 into /workspace/builds/worker-4/source
[INFO] validating manifest of crates.io crate alt-failure 0.1.5 on toolchain af3c6e733a40e671550e0f0f5aeecaa13772ba56
[INFO] running `Command { std: "/workspace/cargo-home/bin/cargo" "+af3c6e733a40e671550e0f0f5aeecaa13772ba56" "read-manifest" "--manifest-path" "Cargo.toml", kill_on_drop: false }`
[INFO] started tweaking crates.io crate alt-failure 0.1.5
[INFO] finished tweaking crates.io crate alt-failure 0.1.5
[INFO] tweaked toml for crates.io crate alt-failure 0.1.5 written to /workspace/builds/worker-4/source/Cargo.toml
[INFO] crate crates.io crate alt-failure 0.1.5 already has a lockfile, it will not be regenerated
[INFO] running `Command { std: "/workspace/cargo-home/bin/cargo" "+af3c6e733a40e671550e0f0f5aeecaa13772ba56" "fetch" "--locked" "--manifest-path" "Cargo.toml", kill_on_drop: false }`
[INFO] running `Command { std: "docker" "create" "-v" "/var/lib/crater-agent-workspace/builds/worker-4/target:/opt/rustwide/target:rw,Z" "-v" "/var/lib/crater-agent-workspace/builds/worker-4/source:/opt/rustwide/workdir:ro,Z" "-v" "/var/lib/crater-agent-workspace/cargo-home:/opt/rustwide/cargo-home:ro,Z" "-v" "/var/lib/crater-agent-workspace/rustup-home:/opt/rustwide/rustup-home:ro,Z" "-e" "SOURCE_DIR=/opt/rustwide/workdir" "-e" "CARGO_TARGET_DIR=/opt/rustwide/target" "-e" "CARGO_HOME=/opt/rustwide/cargo-home" "-e" "RUSTUP_HOME=/opt/rustwide/rustup-home" "-w" "/opt/rustwide/workdir" "-m" "1610612736" "--user" "0:0" "--network" "none" "rustops/crates-build-env@sha256:d92eaeed33fa75130ca1ee6c8a01d1ffb62bac859dfdfb3450e3e5d1c0146529" "/opt/rustwide/cargo-home/bin/cargo" "+af3c6e733a40e671550e0f0f5aeecaa13772ba56" "metadata" "--no-deps" "--format-version=1", kill_on_drop: false }`
[INFO] [stdout] 9255c41e8298e632a2e0497c46348fe354314c397ca165d15f1a6579d88a5bfe
[INFO] [stderr] WARNING: Your kernel does not support swap limit capabilities or the cgroup is not mounted. Memory limited without swap.
[INFO] running `Command { std: "docker" "start" "-a" "9255c41e8298e632a2e0497c46348fe354314c397ca165d15f1a6579d88a5bfe", kill_on_drop: false }`
[INFO] running `Command { std: "docker" "inspect" "9255c41e8298e632a2e0497c46348fe354314c397ca165d15f1a6579d88a5bfe", kill_on_drop: false }`
[INFO] running `Command { std: "docker" "rm" "-f" "9255c41e8298e632a2e0497c46348fe354314c397ca165d15f1a6579d88a5bfe", kill_on_drop: false }`
[INFO] [stdout] 9255c41e8298e632a2e0497c46348fe354314c397ca165d15f1a6579d88a5bfe
[INFO] running `Command { std: "docker" "create" "-v" "/var/lib/crater-agent-workspace/builds/worker-4/target:/opt/rustwide/target:rw,Z" "-v" "/var/lib/crater-agent-workspace/builds/worker-4/source:/opt/rustwide/workdir:ro,Z" "-v" "/var/lib/crater-agent-workspace/cargo-home:/opt/rustwide/cargo-home:ro,Z" "-v" "/var/lib/crater-agent-workspace/rustup-home:/opt/rustwide/rustup-home:ro,Z" "-e" "SOURCE_DIR=/opt/rustwide/workdir" "-e" "CARGO_TARGET_DIR=/opt/rustwide/target" "-e" "CARGO_INCREMENTAL=0" "-e" "RUST_BACKTRACE=full" "-e" "RUSTFLAGS=--cap-lints=forbid" "-e" "CARGO_HOME=/opt/rustwide/cargo-home" "-e" "RUSTUP_HOME=/opt/rustwide/rustup-home" "-w" "/opt/rustwide/workdir" "-m" "1610612736" "--user" "0:0" "--network" "none" "rustops/crates-build-env@sha256:d92eaeed33fa75130ca1ee6c8a01d1ffb62bac859dfdfb3450e3e5d1c0146529" "/opt/rustwide/cargo-home/bin/cargo" "+af3c6e733a40e671550e0f0f5aeecaa13772ba56" "check" "--frozen" "--all" "--all-targets" "--message-format=json", kill_on_drop: false }`
[INFO] [stdout] 2876d5e83b01a324d84001074e43fd172b076a5da5f33bfce9361431dfb0dba5
[INFO] [stderr] WARNING: Your kernel does not support swap limit capabilities or the cgroup is not mounted. Memory limited without swap.
[INFO] running `Command { std: "docker" "start" "-a" "2876d5e83b01a324d84001074e43fd172b076a5da5f33bfce9361431dfb0dba5", kill_on_drop: false }`
[INFO] [stderr]     Blocking waiting for file lock on package cache
[INFO] [stderr]    Compiling proc-macro2 v0.4.30
[INFO] [stderr]    Compiling unicode-xid v0.1.0
[INFO] [stderr]    Compiling cc v1.0.45
[INFO] [stderr]    Compiling libc v0.2.62
[INFO] [stderr]    Compiling syn v0.15.44
[INFO] [stderr]    Compiling failure_derive v0.1.5
[INFO] [stderr]     Checking cfg-if v0.1.9
[INFO] [stderr]     Checking rustc-demangle v0.1.16
[INFO] [stderr]    Compiling backtrace-sys v0.1.31
[INFO] [stderr]    Compiling quote v0.6.13
[INFO] [stderr]     Checking backtrace v0.3.37
[INFO] [stderr]    Compiling synstructure v0.10.2
[INFO] [stderr]     Checking alt-failure v0.1.5 (/opt/rustwide/workdir)
[INFO] [stdout] error[E0463]: can't find crate for `failure`
[INFO] [stdout]  --> tests/basic_fail.rs:2:1
[INFO] [stdout]   |
[INFO] [stdout] 2 | extern crate failure;
[INFO] [stdout]   | ^^^^^^^^^^^^^^^^^^^^^ can't find crate
[INFO] [stdout] 
[INFO] [stdout] 
[INFO] [stdout] error: aborting due to previous error
[INFO] [stdout] 
[INFO] [stdout] 
[INFO] [stdout] For more information about this error, try `rustc --explain E0463`.
[INFO] [stdout] 
[INFO] [stderr] error: could not compile `alt-failure`.
[INFO] [stderr] 
[INFO] [stderr] To learn more, run the command again with --verbose.
[INFO] [stderr] warning: build failed, waiting for other jobs to finish...
[INFO] [stdout] error[E0463]: can't find crate for `failure`
[INFO] [stdout]  --> tests/fail_compat.rs:2:1
[INFO] [stdout]   |
[INFO] [stdout] 2 | extern crate failure;
[INFO] [stdout]   | ^^^^^^^^^^^^^^^^^^^^^ can't find crate
[INFO] [stdout] 
[INFO] [stdout] 
[INFO] [stdout] error: aborting due to previous error
[INFO] [stdout] 
[INFO] [stdout] 
[INFO] [stdout] For more information about this error, try `rustc --explain E0463`.
[INFO] [stdout] 
[INFO] [stdout] error[E0463]: can't find crate for `failure`
[INFO] [stdout]  --> examples/string_custom_error_pattern.rs:3:1
[INFO] [stdout]   |
[INFO] [stdout] 3 | extern crate failure;
[INFO] [stdout]   | ^^^^^^^^^^^^^^^^^^^^^ can't find crate
[INFO] [stdout] 
[INFO] [stdout] 
[INFO] [stdout] error[E0463]: can't find crate for `failure`
[INFO] [stdout]  --> examples/bail_ensure.rs:2:1
[INFO] [stdout]   |
[INFO] [stdout] 2 | extern crate failure;
[INFO] [stdout]   | ^^^^^^^^^^^^^^^^^^^^^ can't find crate
[INFO] [stdout] 
[INFO] [stdout] 
[INFO] [stdout] error: aborting due to previous error
[INFO] [stdout] 
[INFO] [stdout] 
[INFO] [stdout] For more information about this error, try `rustc --explain E0463`.
[INFO] [stdout] 
[INFO] [stdout] error: aborting due to previous error
[INFO] [stdout] 
[INFO] [stdout] 
[INFO] [stdout] For more information about this error, try `rustc --explain E0463`.
[INFO] [stdout] 
[INFO] [stdout] error[E0463]: can't find crate for `failure`
[INFO] [stdout]  --> examples/error_as_cause.rs:2:1
[INFO] [stdout]   |
[INFO] [stdout] 2 | extern crate failure;
[INFO] [stdout]   | ^^^^^^^^^^^^^^^^^^^^^ can't find crate
[INFO] [stdout] 
[INFO] [stdout] 
[INFO] [stdout] error: aborting due to previous error
[INFO] [stdout] 
[INFO] [stdout] 
[INFO] [stdout] For more information about this error, try `rustc --explain E0463`.
[INFO] [stdout] 
[INFO] [stdout] error[E0463]: can't find crate for `failure`
[INFO] [stdout]  --> examples/simple.rs:2:1
[INFO] [stdout]   |
[INFO] [stdout] 2 | extern crate failure;
[INFO] [stdout]   | ^^^^^^^^^^^^^^^^^^^^^ can't find crate
[INFO] [stdout] 
[INFO] [stdout] 
[INFO] [stdout] error: aborting due to previous error
[INFO] [stdout] 
[INFO] [stdout] 
[INFO] [stdout] For more information about this error, try `rustc --explain E0463`.
[INFO] [stdout] 
[INFO] [stdout] error[E0463]: can't find crate for `failure`
[INFO] [stdout]  --> tests/macro_trailing_comma.rs:2:1
[INFO] [stdout]   |
[INFO] [stdout] 2 | extern crate failure;
[INFO] [stdout]   | ^^^^^^^^^^^^^^^^^^^^^ can't find crate
[INFO] [stdout] 
[INFO] [stdout] 
[INFO] [stdout] error: aborting due to previous error
[INFO] [stdout] 
[INFO] [stdout] 
[INFO] [stdout] For more information about this error, try `rustc --explain E0463`.
[INFO] [stdout] 
[INFO] [stderr] error: build failed
[INFO] running `Command { std: "docker" "inspect" "2876d5e83b01a324d84001074e43fd172b076a5da5f33bfce9361431dfb0dba5", kill_on_drop: false }`
[INFO] running `Command { std: "docker" "rm" "-f" "2876d5e83b01a324d84001074e43fd172b076a5da5f33bfce9361431dfb0dba5", kill_on_drop: false }`
[INFO] [stdout] 2876d5e83b01a324d84001074e43fd172b076a5da5f33bfce9361431dfb0dba5
